-26 + 14 + 11).
-8
What is -1 - (-6 - (1 + -32 + 7 - -3))?
-16
Calculate 13 - (2 - (-26 - -14)).
-1
What is -4 + -10 + 6 - (-14 - -8)?
-2
What is the value of 9 + 9 + -6 + 2 + -1 + 3?
16
Calculate 17 + (3 + -26 - -36).
30
Evaluate -4 + -4 + -4 + 9 + -2 - -6.
1
-11 + (-12 - (12 + -14 + -25))
4
What is the value of -5 + (-3 - 1) + -3?
-12
What is (0 - -3) + (-38 - -6) + 37?
8
Calculate 34 + (32 - 59 - -11).
18
Evaluate -1 - ((-26 - -20) + (11 - -1)) - 4.
-11
Evaluate -3 - 10 - (-4 + -2 - 10).
3
What is the value of 32 - (12 - 6) - 12 - -13?
27
Evaluate -1 + 6 - (-13 + 1 - (8 - 2)).
23
What is (13 - (19 - 12)) + (4 - 1) + -2?
7
Calculate -26 + 39 - (-5 + 12).
6
What is (32 - 4) + -10 - 47?
-29
7 + -21 + 25 + 2 + -3 + -13
-3
-3 + -4 - (-14 - (-5 - -14))
16
(2 - -6) + 5 + -6 + 6
13
What is the value of -2 - (-15 - (7 - (-10 + 9 + 3)))?
18
Calculate (-24 + -19 - -22) + 27.
6
What is the value of -2 - -11 - (34 + -12 - (-3 - 8))?
-24
Evaluate 1 + 0 + 0 + (101 - 103).
-1
Calculate -4 - ((8 - 33) + -5).
26
What is the value of -34 - 1 - (-65 + 47)?
-17
Evaluate -17 - 7 - -7 - (205 + -220).
-2
What is (-22 - -3) + 23 - 10?
-6
(-1 - 0) + -20 + (7 - (-5 - -4))
-13
Evaluate 0 - 2 - (12 + 0 - (23 - 1)).
8
Evaluate -36 - (6 + 6 + -28 + 4).
-24
20 + (-22 - (-12 + 4))
6
6 + -15 + (-15 - -21) + 14 - -22
33
-19 + 5 - 2 - -15
-1
Calculate (14 - (17 - 8)) + (17 - (-5 - -3)).
24
Evaluate 23 - (-2 + (-10 - -30)).
5
What is the value of -36 + (19 - (10 - (-8 + 8 + 1)))?
-26
What is -2 + (-8 - (-3 - 20))?
13
44 + -28 + (-17 - -1)
0
What is -25 - ((-17 - (-18 + -2)) + 8)?
-36
What is (1 - 13) + (25 - (10 - -14))?
-11
What is the value of 11 + (-2 - (1 - (8 + -6) - -5))?
5
Evaluate (-13 - (-10 - (-13 - -6))) + -11.
-21
What is the value of 0 + -5 + 58 + -32?
21
What is the value of -6 + -15 + (-2 - -3) + (16 - 9)?
-13
Evaluate (2 + -8 + 3 - (6 - -17)) + 5.
-21
(-8 - 2 - 0 - -18) + -3
5
Calculate 5 - (12 - (2 - (-11 - -13))).
-7
What is the value of -3 + (-3 - -2) + 8 + (78 - 75)?
7
Calculate -27 - (-15 + 11 + 17 + -24).
-16
Evaluate 10 + (-26 - -9) + -5 + 2 + 14.
4
What is (5 - (-5 + 16)) + 13 - (-2 + -1)?
10
What is 8 + -4 + 32 + -46?
-10
24 - 22 - (4 + -9) - (19 + -2)
-10
Evaluate -8 + (3 + 0 - 1 - (-40 + 45)).
-11
Calculate -10 + 13 + -28 - -13.
-12
What is the value of -10 + -2 - (3 + 31 + -51)?
5
(-2 - -1) + 1 + (-2 - (-4 - -14))
-12
Calculate (-23 - 0) + (-226 - -209) + 1 + 25.
-14
What is -27 - ((-2 - 2) + (70 - 67))?
-26
What is the value of 17 - (36 - 19) - (19 - 3)?
-16
Calculate -1 + 10 + 0 + 1727 + -1722 + 8.
22
What is the value of 35 - (48 - (-5 - -31))?
13
-12 - (-17 + 6 + 4) - 19
-24
Calculate 4 + 17 + (-9 - (-6 - -2)).
16
What is the value of 1295 - 1306 - ((-4 - 0) + 0)?
-7
Calculate (-8 - -25 - 26) + 0 + 0.
-9
(-26 - (0 + -51)) + -11
14
-37 + 82 + -38 - (2 + 7)
-2
What is the value of 5 + 0 - ((5 - 4) + -7 + 8)?
3
Evaluate -9 + -1 + 19 - (-5 - 7).
21
-7 + -1 - (396 - 411)
7
Calculate 6 + (-10 - (9 - (-8 - -8)) - -4).
-9
What is 8 + -16 + 10 - (-2 - -12 - 36)?
28
-28 + 26 + 17 + (2 - (-1 + 2))
16
(10 + 1 - 14 - -3) + -15
-15
Evaluate 16 + (-34 - -39) + -19.
2
(18 + -11 - 21) + 0 + 9
-5
What is the value of -6 + (23 - 29) - (1 - -10)?
-23
Calculate 0 - (4 + (1 - -4)).
-9
Calculate (49 - 13 - 60) + 38.
14
Calculate -13 + (3 - (-8 + 5 - -1)) - 7.
-15
What is the value of -31 - (-56 + 25 - 18)?
18
Evaluate 1 - (-4 + 7) - (-5 + 12 + -4).
-5
Evaluate -3 + 9 + -40 + 23.
-11
What is 18 + -12 + 1 + -4?
3
Calculate 5 + 54 + -35 - 9.
15
Calculate (11 - 1) + (14 - (22 - -4)) + -19.
-21
10 + (-58 - -25) + 20
-3
Calculate 24 + -20 + (-2 - -3).
5
What is the value of (49 - 36) + 3 + 0 + -8?
8
What is 1 - (6 - 1) - (4 + -9)?
1
12 + -17 + 1 + 0
-4
Evaluate 2 - (-6 + -3 + 8 - 4) - 8.
-1
What is 1 + 7 + (-2 - -10)?
16
Evaluate 30 + 7 + (-32 - 34).
-29
(3 - 18) + (38 - 19)
4
What is the value of 1 + (7 - (3 + 3 - 2)) - -2?
6
-16 + (10 - 20 - -19)
-7
What is the value of (-12 + 15 + (-2 - 2) - 15) + 10?
-6
Calculate (-1 - -5) + -2 + -1 + (339 - 336).
4
Evaluate 1 - -4 - (116 - 80 - 36).
5
What is -13 + -23 - -39 - (-11 - 1)?
15
3 + -9 + -19 + 13
-12
Calculate (292 - 297) + (-1 - 0 - 2 - -18).
10
-35 + (19 - (2 - 23))
5
What is the value of 6 - (-42 + 33 - -7)?
8
Evaluate -15 + -2 + 8 + 2.
-7
Evaluate -18 - (-3 + 14 + (-25 - (-25 - -12))).
-17
What is the value of (8 - -2) + (5 - 11 - -2 - 1)?
5
What is (-36 - -70 - 50) + (0 - 2 - -9)?
-9
What is the value of 14 + -20 + 0 + -1?
-7
What is the value of 4 - ((1 - 17) + 21)?
-1
42 + 11 - (-18 - -64)
7
Calculate 14 - (-49 - -34 - (-1 - 11)).
17
What is the value of 41 + -15 + (-22 - -14)?
18
Calculate (-12 - (-23 - 1)) + 0 + 16.
28
Evaluate 27 - 25 - (-78 - -53).
27
What is (-2 + (4 - 1) - 1 - -7) + -9?
-2
Evaluate -25 + 28 + -9 + (-4 - 0).
-10
What is -23 + 36 + (12 - 41)?
-16
What is the value of -1 - ((-1 - (-1 + -8)) + (113 - 118))?
-4
What is the value of (12 + 4 - 1) + -2 + 13?
26
What is the value of (1 - -3) + -18 + 6 + 1 + 20?
13
Calculate (-20 + 12 - -18) + (0 - 38 - 5).
-33
-28 + 0 - (1119 + -1137)
-10
What is the value of (-9 - (8 + -6)) + (1 - -1)?
-9
18 + (-8 - 28 - -8)
-10
17 + -23 + 9 + 10
13
Evaluate -2 - -6 - (-62 + 62).
4
Evaluate 11 - (-20 - -12 - -19).
0
What is 19 + -8 - (-1 - (-8 + 16))?
20
What is the value of 16 - (7 + -1) - -12 - 7 - 2?
13
What is -1 + (1 - 1) - (-11 - (-21 + 1))?
-10
Calculate 9 + (-2 - (3 - 0)) + -60 + 35.
-21
What is the value of -16 + (11 - 12 - (9 - 3))?
-23
Calculate 7 - 25 - (-51 - -24).
9
8 - ((8 - 2) + (-5 + 26 - 22))
3
What is the value of 42 - (4 - (15 - (11 - -10)))?
32
What is the value of 3 - -1 - (-24 + -13 - -38)?
3
What is the value of (19 - -13) + 11 + -18 - 10?
15
Calculate (14 + 20 - 40) + (1 - 7 - 0).
-12
What is the value of 1 - (-1 + 3 - ((-18 - -12) + 9))?
2
What is (5 - (-7 - 10)) + -7?
15
What is 32 + (-27 - 8) + 34?
31
Evaluate -333 - -313 - (-5 + 1).
-16
What is -124 - -143 - (9 + -1)?
11
(-3 + -19 - -8) + 4
-10
What is the value of (-174 - -154) + 0 + 25?
5
Calculate -17 + (17 - (36 - 29)).
-7
What is -7 - (-8 - (6 + -9 + -6))?
-8
Calculate (11 - (5 + 8 + 11)) + 35.
22
Calculate -4 + 2 + -2 + -3 + -1.
-8
1 + -43 + (125 - 57)
26
Calculate 38 - 25 - 6 - (-2 + 2 - 7).
14
-8 - -13 - (4 + -9) - 7
3
Calculate (96 - 45 - 46) + (-1 - (2 + -16)).
18
Calculate -5 - ((0 - 2) + (1 - (2 + -3))).
-5
Calculate (59 - 28) + -20 - 13.
-2
What is the value of 8 + (-8 + 1 - -16 - 10)?
7
What is the value of -1 + 10 - (-18 + 6)?
21
What is -74 + 94 - ((6 - 0) + -2)?
16
Evaluate (-10 - -7) + (1 - 10) + (37 - 34).
-9
1 - 32 - (-892 + 870)
-9
Calculate (0 - (12 + 4)) + (-4 - -30).
10
Calculate 36 + -20 + -26 + 26.
16
What is the value of 32 - (-2 - (-3 + -18))?
13
What is the value of (0 - (-5 - -3)) + 3 - (15 - 22)?
12
What is the value of (-17 + (8 - -2) - 1) + (-1 - -8)?
-1
(17 + 31 - 29) + 7
26
What is the value of 14 + (-11 - -24 - 7)?
20
Calculate (-2 - 2) + -5 - (0 + -1).
-8
Evaluate 2 + (-16 + 16 - 13).
-11
What is the value of 7 + -29 - (16 + -31)?
-7
What is the value of -90 + 144 + -37 + 1?
18
What is the value of -2 + -1 + 2 + (112 - 97)?
14
Calculate 4 - (-28 + (2 - -60)).
-30
7 + -6 - (-9 + (9 - 7) - -31)
-23
Calculate (-22 - (18 - 35)) + 3.
-2
Calculate -6 + 0 - (8 - (25 + -24)).
-13
What is 7 - (2 + -1 + (-1 - 10 - -18))?
-1
(-15 - 15) + 83 - 28
25
Evaluate -174 - -184 - (22 + -1).
-11
Evaluate 7 - (21 - -7) - -3.
-18
14 - -5 - (-18 - -40)
-3
What is the value of 0 + (4 - ((-1 - -7) + -13) - 7)?
4
2 + 22 + (-214 - -153)
-37
What is the value of 4 + -7 + (-29 - -32)?
0
Evaluate (-19 - 2) + (12 + -11 - -6).
-14
What is -1 + 4 - ((9 - (3 - 2)) + 1)?
-6
What is the value of 18 + (-12 - (-2 + -5)) + -2?
11
What is -3 - (1 - (18 - (0 + 9)))?
5
What is the value of 3 - (-25 + 43 + -33)?
18
Calculate 6 + -13 + -13 + 42 + -12.
10
Calculate -32 - (3 + 8 + -18) - (4 - -2).
-31
Evaluate -200 + 182 - (1 + -8).
-11
5 + -9 - 1 - (1 + 0 - -2)
-8
Calculate 8 - -3 - (7 - -1) - 5.
-2
What is 1 + -44 + 26 - -38?
21
Evaluate -10 - (-23 + 3) - 19 - (-4 + -1).
-4
-16 - (16 - 5) - (1 - 15)
-13
Calculate 8 + (5 - 15 - (1 - 10)).
7
What is the value of 7 - (9 - -4 - 17)?
11
What is (-7 - (-1 + (-15 - -11))) + 0?
-2
Calculate (-15 - -1) + 3 + 20.
9
(-4 - 0 - -12) + (28 - (12 + 8))
16
Wh